st the prime factors of 463.
463
List the prime factors of 151.
151
What are the prime factors of 92171?
61, 1511
What are the prime factors of 10533?
3, 3511
What are the prime factors of 1142?
2, 571
List the prime factors of 2430.
2, 3, 5
What are the prime factors of 88801?
88801
List the prime factors of 1428.
2, 3, 7, 17
What are the prime factors of 29607?
3, 71, 139
List the prime factors of 49723.
19, 2617
What are the prime factors of 31816?
2, 41, 97
What are the prime factors of 6022?
2, 3011
List the prime factors of 13707.
3, 1523
What are the prime factors of 41385?
3, 5, 31, 89
What are the prime factors of 2352?
2, 3, 7
List the prime factors of 75432.
2, 3, 7, 449
List the prime factors of 232.
2, 29
What are the prime factors of 119?
7, 17
List the prime factors of 535.
5, 107
List the prime factors of 104293.
7, 47, 317
List the prime factors of 4106.
2, 2053
List the prime factors of 93605.
5, 97, 193
What are the prime factors of 6501?
3, 11, 197
What are the prime factors of 17452?
2, 4363
List the prime factors of 3521.
7, 503
What are the prime factors of 5477?
5477
List the prime factors of 5344.
2, 167
What are the prime factors of 2759?
31, 89
What are the prime factors of 1745?
5, 349
What are the prime factors of 8592?
2, 3, 179
What are the prime factors of 5824?
2, 7, 13
List the prime factors of 468.
2, 3, 13
List the prime factors of 21197.
11, 41, 47
List the prime factors of 54608.
2, 3413
What are the prime factors of 2691?
3, 13, 23
What are the prime factors of 1117?
1117
What are the prime factors of 30103?
30103
What are the prime factors of 73575?
3, 5, 109
What are the prime factors of 28653?
3, 9551
What are the prime factors of 57367?
57367
List the prime factors of 4354.
2, 7, 311
List the prime factors of 24944.
2, 1559
List the prime factors of 197651.
197651
List the prime factors of 169017.
3, 53, 1063
List the prime factors of 3428.
2, 857
List the prime factors of 1664.
2, 13
What are the prime factors of 794?
2, 397
What are the prime factors of 682?
2, 11, 31
List the prime factors of 921.
3, 307
What are the prime factors of 5191?
29, 179
What are the prime factors of 4250?
2, 5, 17
List the prime factors of 64622.
2, 79, 409
List the prime factors of 805.
5, 7, 23
List the prime factors of 9200.
2, 5, 23
What are the prime factors of 75?
3, 5
List the prime factors of 38582.
2, 101, 191
What are the prime factors of 12050?
2, 5, 241
What are the prime factors of 100?
2, 5
List the prime factors of 146.
2, 73
List the prime factors of 12904.
2, 1613
List the prime factors of 123053.
7, 17579
What are the prime factors of 10848?
2, 3, 113
List the prime factors of 701.
701
What are the prime factors of 27344?
2, 1709
What are the prime factors of 3772?
2, 23, 41
What are the prime factors of 9907?
9907
What are the prime factors of 11860?
2, 5, 593
List the prime factors of 90671.
7, 12953
What are the prime factors of 17877?
3, 59, 101
List the prime factors of 162.
2, 3
What are the prime factors of 37721?
67, 563
List the prime factors of 1752.
2, 3, 73
List the prime factors of 7745.
5, 1549
What are the prime factors of 18807?
3, 6269
What are the prime factors of 728?
2, 7, 13
What are the prime factors of 796?
2, 199
List the prime factors of 14946.
2, 3, 47, 53
List the prime factors of 56.
2, 7
List the prime factors of 4750.
2, 5, 19
What are the prime factors of 485?
5, 97
List the prime factors of 80.
2, 5
What are the prime factors of 14521?
13, 1117
What are the prime factors of 1269?
3, 47
What are the prime factors of 8857?
17, 521
What are the prime factors of 8386?
2, 7, 599
List the prime factors of 2830.
2, 5, 283
What are the prime factors of 636?
2, 3, 53
What are the prime factors of 8119?
23, 353
What are the prime factors of 7428?
2, 3, 619
List the prime factors of 1677.
3, 13, 43
List the prime factors of 10883.
10883
List the prime factors of 37563.
3, 19, 659
List the prime factors of 1003.
17, 59
What are the prime factors of 62822?
2, 101, 311
List the prime factors of 4605.
3, 5, 307
List the prime factors of 3547.
3547
What are the prime factors of 6136?
2, 13, 59
List the prime factors of 366.
2, 3, 61
What are the prime factors of 3040?
2, 5, 19
List the prime factors of 3626.
2, 7, 37
What are the prime factors of 45480?
2, 3, 5, 379
What are the prime factors of 10583?
19, 557
What are the prime factors of 32847?
3, 10949
List the prime factors of 2756.
2, 13, 53
What are the prime factors of 3652?
2, 11, 83
What are the prime factors of 1066?
2, 13, 41
List the prime factors of 8651.
41, 211
List the prime factors of 10607.
10607
What are the prime factors of 224?
2, 7
What are the prime factors of 5160?
2, 3, 5, 43
List the prime factors of 959.
7, 137
List the prime factors of 47463.
3, 13, 1217
What are the prime factors of 21079?
107, 197
List the prime factors of 1032.
2, 3, 43
What are the prime factors of 3946?
2, 1973
List the prime factors of 89207.
37, 2411
List the prime factors of 26984.
2, 3373
What are the prime factors of 103219?
233, 443
List the prime factors of 880.
2, 5, 11
What are the prime factors of 13894?
2, 6947
List the prime factors of 25288.
2, 29, 109
What are the prime factors of 510?
2, 3, 5, 17
What are the prime factors of 4841?
47, 103
What are the prime factors of 4714?
2, 2357
List the prime factors of 3143.
7, 449
List the prime factors of 4437.
3, 17, 29
What are the prime factors of 1147?
31, 37
What are the prime factors of 111358?
2, 13, 4283
What are the prime factors of 10653?
3, 53, 67
What are the prime factors of 135969?
3, 61, 743
What are the prime factors of 665?
5, 7, 19
What are the prime factors of 4794?
2, 3, 17, 47
What are the prime factors of 286?
2, 11, 13
List the prime factors of 205.
5, 41
List the prime factors of 462.
2, 3, 7, 11
List the prime factors of 1282.
2, 641
What are the prime factors of 142209?
3, 23, 229
What are the prime factors of 11752?
2, 13, 113
What are the prime factors of 21006?
2, 3, 389
List the prime factors of 1097.
1097
What are the prime factors of 14913?
3, 1657
What are the prime factors of 13258?
2, 7, 947
List the prime factors of 28008.
2, 3, 389
List the prime factors of 26410.
2, 5, 19, 139
List the prime factors of 2170.
2, 5, 7, 31
List the prime factors of 7789.
7789
List the prime factors of 10438.
2, 17, 307
List the prime factors of 11.
11
What are the prime factors of 2839?
17, 167
What are the prime factors of 13285?
5, 2657
What are the prime factors of 31131?
3, 1153
What are the prime factors of 60259?
60259
What are the prime factors of 692?
2, 173
List the prime factors of 5393.
5393
List the prime factors of 5463.
3, 607
What are the prime factors of 14268?
2, 3, 29, 41
List the prime factors of 7990.
2, 5, 17, 47
What are the prime factors of 737?
11, 67
What are the prime factors of 773?
773
List the prime factors of 154883.
154883
List the prime factors of 4295.
5, 859
What are the prime factors of 39633?
3, 11, 1201
What are the prime factors of 7973?
7, 17, 67
What are the prime factors of 295?
5, 59
What are the prime factors of 537?
3, 179
What are the prime factors of 53297?
223, 239
List the prime factors of 28232.
2, 3529
List the prime factors of 2087.
2087
List the prime factors of 30509.
30509
What are the prime factors of 2128?
2, 7, 19
What are the prime factors of 934?
2, 467
List the prime factors of 98996.
2, 24749
What are the prime factors of 4058?
2, 2029
List the prime factors of 61664.
2, 41, 47
What are the prime factors of 41445?
3, 5, 307
List the prime factors of 3591.
3, 7, 19
List the prime factors of 72115.
5, 14423
What are the prime factors of 15939?
3, 7, 11, 23
What are the prime factors of 5933?
17, 349
What are the prime factors of 2107?
7, 43
List the prime factors of 4447.
4447
List the prime factors of 17240.
2, 5, 431
List the prime factors of 2327.
13, 179
What are the prime factors of 10288?
2, 643
What are the prime factors of 1632?
2, 3, 17
What are the prime factors of 1055?
5, 211
What are the prime factors of 1197?
3, 7, 19
What are the prime factors of 14204?
2, 53, 67
List the prime factors of 116476.
2, 37, 787
What are the prime factors of 3319?
3319
List the prime factors of 82055.
5, 1641